{"id":594,"date":"2015-03-05T14:35:24","date_gmt":"2015-03-05T14:35:24","guid":{"rendered":"https:\/\/www.kulturforum-mwest.de\/K\/?page_id=594"},"modified":"2021-02-18T10:56:41","modified_gmt":"2021-02-18T10:56:41","slug":"spenden","status":"publish","type":"page","link":"https:\/\/kulturforum-mwest.de\/1.0\/K\/spenden\/","title":{"rendered":"Spenden"},"content":{"rendered":"<h3><\/h3>\n<p>Das Kulturforum M\u00fcnchen-West e. V. finanziert sich aus den Mitgliedsbeitr\u00e4gen und Spenden. Bitte unterst\u00fctzen Sie die Arbeit und die kulturellen Projekte des Vereins durch Spenden. Jeder Betrag ist willkommen!<\/p>\n<p>F\u00fcr Spenden bis zu 300 Euro gilt als steuerlicher Spendennachweis ein Bareinzahlungsbeleg oder die Buchungsbest\u00e4tigung eines Kreditinstituts. Ab 300 Euro erhalten Sie eine steuerwirksame Spendenquittung vom Kulturforum M\u00fcnchen-West. Bitte geben Sie daf\u00fcr Ihre Adresse an.<br \/>\n<img loading=\"lazy\" class=\" size-full wp-image-601 alignleft\" src=\"https:\/\/www.kulturforum-mwest.de\/1.0\/K\/wp-content\/uploads\/2015\/03\/sparschwein-rosa1.jpg\" alt=\"sparschwein-rosa\" width=\"170\" height=\"170\" srcset=\"https:\/\/kulturforum-mwest.de\/1.0\/K\/wp-content\/uploads\/2015\/03\/sparschwein-rosa1.jpg 170w, https:\/\/kulturforum-mwest.de\/1.0\/K\/wp-content\/uploads\/2015\/03\/sparschwein-rosa1-120x120.jpg 120w\" sizes=\"(max-width: 170px) 100vw, 170px\" \/><\/p>\n<p>Die Bankverbindung erfragen Sie bitte beim Vorstand,<br \/>\ntelefonisch 089 \u2013 189 444 68<br \/>\noder per e-mail: <a href=\"mailto:kulturforum.muenchen-west@web.de\">kulturforum.muenchen-west@web.de<\/a><\/p>\n<p>&nbsp;<\/p>\n<p>&nbsp;<\/p>\n<p>&nbsp;<\/p>\n<p>&nbsp;<\/p>\n","protected":false},"excerpt":{"rendered":"<p>Das Kulturforum M\u00fcnchen-West e. V. finanziert sich aus den Mitgliedsbeitr\u00e4gen und Spenden. Bitte unterst\u00fctzen Sie die Arbeit und die kulturellen Projekte des Vereins durch Spenden. Jeder Betrag ist willkommen! F\u00fcr Spenden bis zu 300 Euro gilt als steuerlicher Spendennachweis ein Bareinzahlungsbeleg oder die Buchungsbest\u00e4tigung eines Kreditinstituts. Ab 300 Euro erhalten Sie eine steuerwirksame Spendenquittung vom &hellip; <a href=\"https:\/\/kulturforum-mwest.de\/1.0\/K\/spenden\/\" class=\"more-link\"><span class=\"screen-reader-text\">Spenden<\/span> weiterlesen <span class=\"meta-nav\">&rarr;<\/span><\/a><\/p>\n","protected":false},"author":1,"featured_media":0,"parent":0,"menu_order":0,"comment_status":"closed","ping_status":"closed","template":"","meta":[],"_links":{"self":[{"href":"https:\/\/kulturforum-mwest.de\/1.0\/K\/wp-json\/wp\/v2\/pages\/594"}],"collection":[{"href":"https:\/\/kulturforum-mwest.de\/1.0\/K\/wp-json\/wp\/v2\/pages"}],"about":[{"href":"https:\/\/kulturforum-mwest.de\/1.0\/K\/wp-json\/wp\/v2\/types\/page"}],"author":[{"embeddable":true,"href":"https:\/\/kulturforum-mwest.de\/1.0\/K\/wp-json\/wp\/v2\/users\/1"}],"replies":[{"embeddable":true,"href":"https:\/\/kulturforum-mwest.de\/1.0\/K\/wp-json\/wp\/v2\/comments?post=594"}],"version-history":[{"count":9,"href":"https:\/\/kulturforum-mwest.de\/1.0\/K\/wp-json\/wp\/v2\/pages\/594\/revisions"}],"predecessor-version":[{"id":599,"href":"https:\/\/kulturforum-mwest.de\/1.0\/K\/wp-json\/wp\/v2\/pages\/594\/revisions\/599"}],"wp:attachment":[{"href":"https:\/\/kulturforum-mwest.de\/1.0\/K\/wp-json\/wp\/v2\/media?parent=594"}],"curies":[{"name":"wp","href":"https:\/\/api.w.org\/{rel}","templated":true}]}}